?
True
Is 231192967 a prime number?
True
Is 497353 a prime number?
False
Is 27070427 a prime number?
False
Is 1583149 a prime number?
True
Is 26369711 composite?
False
Is 37992557 a composite number?
False
Is 5335373 prime?
False
Is 747853 prime?
True
Is 173885149 a composite number?
False
Is 6032723 a prime number?
True
Is 461996767 a composite number?
True
Is 833404751 prime?
False
Is 74081831 a prime number?
False
Is 878279 prime?
True
Is 14762893 composite?
False
Is 10561841 composite?
False
Is 7363609 a composite number?
True
Is 3376397 a composite number?
False
Is 104882651 composite?
False
Is 327184113 prime?
False
Is 3387493 composite?
False
Is 64769753 a composite number?
False
Is 9903917 prime?
False
Is 720024619 a composite number?
True
Is 43546667 prime?
True
Is 1045577 a composite number?
True
Is 301313461 a composite number?
True
Is 223200937 composite?
False
Is 115151937 a prime number?
False
Is 2890687 composite?
False
Is 2362957 a composite number?
True
Is 50229307 prime?
True
Is 5807777 a composite number?
False
Is 487493429 composite?
False
Is 857881 composite?
True
Is 3197 prime?
False
Is 114517993 a composite number?
True
Is 164322953 prime?
True
Is 815371 a prime number?
False
Is 18020743 a prime number?
False
Is 30660437 composite?
False
Is 4407446 a prime number?
False
Is 10565237 composite?
True
Is 3662453 a composite number?
False
Is 11697589 prime?
False
Is 92717 a composite number?
False
Is 1372879 composite?
False
Is 6315691 a prime number?
True
Is 179950789 a prime number?
True
Is 7874099 composite?
False
Is 9080069 a composite number?
False
Is 6159497 composite?
True
Is 6744337 a composite number?
True
Is 1591067 composite?
True
Is 36122027 prime?
False
Is 76674317 a prime number?
True
Is 6422833 prime?
False
Is 13139149 composite?
True
Is 915014105 a composite number?
True
Is 4582717 prime?
True
Is 3021833 composite?
False
Is 2017381 prime?
False
Is 284996737 prime?
False
Is 71734681 a prime number?
False
Is 6181799 a prime number?
False
Is 1364287 a prime number?
True
Is 93722357 prime?
True
Is 4297361 a prime number?
True
Is 1248323 a composite number?
False
Is 522079 prime?
True
Is 163262329 a composite number?
False
Is 62600777 prime?
True
Is 140521 a prime number?
True
Is 178015 a prime number?
False
Is 29980513 a prime number?
False
Is 321983 a composite number?
False
Is 15649253 a prime number?
True
Is 6324873 composite?
True
Is 574051 prime?
True
Is 18276941 a prime number?
True
Is 748301 prime?
True
Is 110797909 composite?
True
Is 608291 composite?
True
Is 5366194 prime?
False
Is 9321437 a composite number?
False
Is 24929 a prime number?
False
Is 3948547 composite?
False
Is 6501587 composite?
False
Is 37463893 prime?
True
Is 34487497 a prime number?
False
Is 806233 composite?
False
Is 271409491 composite?
False
Is 244850491 composite?
False
Is 491499469 a composite number?
False
Is 4125839 composite?
False
Is 4731329 composite?
True
Is 955601 prime?
True
Is 272413759 composite?
True
Is 5588211 prime?
False
Is 227149445 composite?
True
Is 724503931 a composite number?
False
Is 193834127 a composite number?
True
Is 47413567 composite?
False
Is 3817789 a prime number?
True
Is 29112799 prime?
False
Is 57383033 a prime number?
True
Is 84170714 a composite number?
True
Is 86559643 composite?
True
Is 345082057 composite?
True
Is 977773 prime?
False
Is 11502089 a composite number?
False
Is 82950431 prime?
False
Is 6327305 prime?
False
Is 11885119 a composite number?
True
Is 176209637 a composite number?
False
Is 632950889 a composite number?
True
Is 2829481 composite?
True
Is 1380541 prime?
False
Is 1228219 a prime number?
True
Is 16789067 a prime number?
True
Is 72936637 a composite number?
False
Is 43931 a composite number?
True
Is 1816949 a prime number?
True
Is 57050693 a prime number?
False
Is 931037 a prime number?
False
Is 5695441 prime?
False
Is 95230721 a composite number?
False
Is 5663759 a composite number?
False
Is 5370721 prime?
True
Is 121893257 a composite number?
False
Is 51868833 a composite number?
True
Is 299991869 a composite number?
False
Is 51285817 a composite number?
True
Is 11638123 composite?
True
Is 15714962 prime?
False
Is 22628897 prime?
True
Is 159421 prime?
True
Is 8051947 composite?
False
Is 64074247 a prime number?
True
Is 89925949 a composite number?
False
Is 250818439 a prime number?
True
Is 208177421 composite?
False
Is 1081511 prime?
False
Is 2315609 prime?
False
Is 22306579 a composite number?
False
Is 2574827 a composite number?
True
Is 4925987 a composite number?
True
Is 351568587 composite?
True
Is 175295251 a composite number?
False
Is 301403 a prime number?
True
Is 5791207 composite?
False
Is 255839777 a prime number?
True
Is 289044757 a prime number?
False
Is 10912043 composite?
False
Is 2643821 a prime number?
True
Is 4847597 prime?
True
Is 896231 a prime number?
False
Is 1510013 a composite number?
False
Is 16082393 prime?
False
Is 31329605 prime?
False
Is 397473 a composite number?
True
Is 10535039 prime?
True
Is 1668945581 prime?
True
Is 525757 a prime number?
False
Is 59344133 a composite number?
False
Is 119923339 a prime number?
True
Is 103459 composite?
True
Is 1406109 a composite number?
True
Is 27289499 composite?
True
Is 9951641 a composite number?
True
Is 339463 a composite number?
True
Is 592183381 prime?
False
Is 2564873 a composite number?
True
Is 237943 prime?
False
Is 827301 a composite number?
True
Is 42834593 a composite number?
True
Is 64665221 a prime number?
True
Is 62810129 a prime number?
True
Is 7880221 prime?
False
Is 38640727 prime?
True
Is 1365029911 a prime number?
False
Is 2128895 prime?
False
Is 150713 composite?
True
Is 4397489 composite?
True
Is 6890957 prime?
True
Is 21046939 prime?
True
Is 32788673 a prime number?
True
Is 882503 composite?
True
Is 9708383 a prime number?
True
Is 67507667 composite?
False
Is 1042969 composite?
True
Is 84854879 a composite number?
True
Is 88548299 a composite number?
True
Is 4994659 composite?
False
Is 160464055 a composite number?
True
Is 24582997 a prime number?
True
Is 175583 a composite number?
True
Is 17288299 prime?
False
Is 49085587 prime?
True
Is 53799259 a composite number?
False
Is 9433309 composite?
False
Is 7185863 a composite number?
False
Is 6013501 composite?
True
Is 47802829 prime?
True
Is 15976061 prime?
True
Is 83746631 composite?
False
Is 68672937 prime?
False
Is 976439 composite?
False
Is 10746185 prime?
False
Is 11141134 a prime number?
False
Is 2493707 a composite number?
False
Is 54667169 composite?
False
Is 939622 a prime number?
False
Is 167817391 a prime number?
False
Is 59792701 prime?
True
Is 27203 prime?
False
Is 7638951 a prime number?
False
Is 9042307 composite?
False
Is 4272769 composite?
False
Is 14189897 a composite number?
True
Is 178193447 a prime number?
False
Is 318826757 composite?
True
Is 4569647 a composite number?
True
Is 145113151 a composite number?
False
Is 31753747 composite?
False
Is 321297 a prime number?
False
Is 178889 a composite number?
False
Is 119573033 a prime number?
True
Is 63239551 a composite number?
True
Is 41004809 a composite number?
False
Is 46844521 a composite number?
False
Is 2704369 composite?
True
Is 6408673 a prime number?
False
Is 156275507 prime?
False
Is 1052995 a prime number?
False
Is 148223081 composite?
True
Is 162351899 a prime number?
False
Is 303402311 composite?
True
Is 8064097 a composite number?
False
Is 20864009 a composite number?
False
Is 71931359 prime?
False
Is 3820147 a prime number?
False
Is 80594053 a composite number?
False
Is 929777 prime?
True
Is 63912337 a composite number?
True
Is 1030769 a composite number?
True
Is 619313641 a composite number?
False
Is 279679 a composite number?
False
Is 8917655 prime?
False
Is 204578861 prime?
False
Is 207923 composite?
False
Is 2804413 a composite number?
True
Is 44868469 a composite number?
True
Is 30569059 a composite number?
False
Is 26803783 prime?
True
Is 28971491 composite?
True
Is 359561 prime?
True
Is 1984859 composite?
False
Is 903173 a composite number?
True
Is 9912757 a prime number?
True
Is 120054567 a composite number?
True
Is 1503263 a composite number?
False
Is 4059563 a prime number?
True
Is 7364499 a composite number?
True
Is 27114229 a prime number?